{"id":540,"date":"2009-07-13T20:11:13","date_gmt":"2009-07-13T19:11:13","guid":{"rendered":"http:\/\/blogs.elpunt.cat\/carlesribera\/?page_id=540"},"modified":"2015-05-20T18:55:40","modified_gmt":"2015-05-20T17:55:40","slug":"el-llegir-no-fa-perdre-lescriure","status":"publish","type":"page","link":"https:\/\/blogs.elpunt.cat\/carlesribera\/el-llegir-no-fa-perdre-lescriure\/","title":{"rendered":"Totes les ressenyes"},"content":{"rendered":"<p><strong>En aquesta p\u00e0gina trobareu totes les ressenyes de llibres publicades en aquest blog. Nom\u00e9s heu de clicar sobre la portada i us sortir\u00e0 la ressenya.<\/strong><\/p>\n<p><strong>\u00a0<\/strong><\/p>\n<p><a href=\"http:\/\/blogs.elpunt.cat\/carlesribera\/2015\/05\/20\/amerigo-el-fals-impostor\/\"> <img loading=\"lazy\" decoding=\"async\" src=\"http:\/\/blogs.elpunt.cat\/carlesribera\/files\/2015\/05\/image.jpg\" alt=\"650_RH29723.jpg\" width=\"110\" height=\"177\" class=\"alignleft size-medium wp-image-3386\" \/><\/a><\/p>\n<p><a href=\"http:\/\/blogs.elpunt.cat\/carlesribera\/2015\/03\/01\/guerra-tragedia-o-drama\/\"> <img loading=\"lazy\" decoding=\"async\" src=\"http:\/\/blogs.elpunt.cat\/carlesribera\/files\/2015\/02\/images.jpg\" alt=\"650_RH29723.jpg\" width=\"110\" height=\"177\" class=\"alignleft size-medium wp-image-3386\" \/><\/a> <a href=\"http:\/\/blogs.elpunt.cat\/carlesribera\/2015\/02\/23\/novel\u00b7la-cremada-i-recuperada\/\"> <img loading=\"lazy\" decoding=\"async\" src=\"http:\/\/blogs.elpunt.cat\/carlesribera\/files\/2015\/02\/coberta-1-401x6091.jpg\" alt=\"650_RH29723.jpg\" width=\"110\" height=\"177\" class=\"alignleft size-medium wp-image-3386\" \/><\/a> <a href=\"http:\/\/blogs.elpunt.cat\/carlesribera\/2014\/12\/05\/cercas-realitat-i-friccio\/\"> <img loading=\"lazy\" decoding=\"async\" src=\"http:\/\/blogs.elpunt.cat\/carlesribera\/files\/2014\/12\/9788439729723-175x300.jpg\" alt=\"650_RH29723.jpg\" width=\"110\" height=\"177\" class=\"alignleft size-medium wp-image-3386\" \/><\/a> <a href=\"http:\/\/blogs.elpunt.cat\/carlesribera\/2014\/12\/19\/la-catalunya-guerrera\/\"> <img loading=\"lazy\" decoding=\"async\" src=\"http:\/\/blogs.elpunt.cat\/carlesribera\/files\/2014\/12\/portada-i6n10014955.jpg\" alt=\"650_RH29723.jpg\" width=\"110\" height=\"177\" class=\"alignleft size-medium wp-image-3386\" \/><\/a> <a href=\"http:\/\/blogs.elpunt.cat\/carlesribera\/2014\/12\/01\/moments-que-fan-caracter\/\"> <img loading=\"lazy\" decoding=\"async\" src=\"http:\/\/blogs.elpunt.cat\/carlesribera\/files\/2015\/02\/Cob-Moments-estel-lars-de-Catalunya-401x609.jpg\" alt=\"650_RH29723.jpg\" width=\"110\" height=\"177\" class=\"alignleft size-medium wp-image-3386\" \/><\/a><br \/>\n<a href=\"http:\/\/blogs.elpunt.cat\/carlesribera\/2014\/11\/14\/zweig-en-el-mon-dahir\/\"> <img loading=\"lazy\" decoding=\"async\" src=\"http:\/\/blogs.elpunt.cat\/carlesribera\/files\/2015\/02\/llibre_19-195x300.jpg\" alt=\"Portada del llibre\" width=\"110\" height=\"177\" class=\"size-medium wp-image-3392\" \/><\/a> <a href=\"http:\/\/blogs.elpunt.cat\/carlesribera\/2013\/05\/09\/olors-franceses\/\"> <img loading=\"lazy\" decoding=\"async\" src=\"http:\/\/blogs.elpunt.cat\/carlesribera\/files\/2013\/05\/perfums_philippe-claudel_libro-OMAC307.jpg\" alt=\"177\" width=\"110\" height=\"177\" \/><\/a> <a href=\"http:\/\/blogs.elpunt.cat\/carlesribera\/2014\/01\/05\/el-pare-brown-en-catala\/\"> <img loading=\"lazy\" decoding=\"async\" src=\"http:\/\/blogs.elpunt.cat\/carlesribera\/files\/2014\/01\/els-relats-del-pare-brown_g.k.-chesterton_libro-OMAC359.jpg\" width=\"110\" height=\"177\" class=\"alignleft size-medium wp-image-3386\" \/><\/a><br \/>\n<a href=\"http:\/\/blogs.elpunt.cat\/carlesribera\/2014\/05\/05\/gerry-adams-no-es-catala\/\"> <img loading=\"lazy\" decoding=\"async\" src=\"http:\/\/blogs.elpunt.cat\/carlesribera\/files\/2015\/02\/fm118killybegs.jpg\" alt=\"650_RH29723.jpg\" width=\"110\" height=\"177\" class=\"alignleft size-medium wp-image-3386\" \/><\/a><\/p>\n<p><a href=\"http:\/\/blogs.elpunt.cat\/carlesribera\/2012\/07\/24\/ledat-del-dubte-dandrea-camilleri\/\"><img loading=\"lazy\" decoding=\"async\" src=\"http:\/\/blogs.elpunt.cat\/carlesribera\/files\/2012\/07\/Ledat_del_dubte.jpg\" alt=\"177\" width=\"110\" height=\"177\" \/><\/a><br \/>\n<a href=\"http:\/\/blogs.elpunt.cat\/carlesribera\/2012\/07\/07\/17\/gris-de-campanya-de-philip-kerr\/\"><img loading=\"lazy\" decoding=\"async\" src=\"http:\/\/blogs.elpunt.cat\/carlesribera\/files\/2012\/07\/gris-de-campanya_philip-kerr_libro-OMAC169.jpg\" alt=\"177\" width=\"110\" height=\"177\" \/><\/a><a href=\"http:\/\/blogs.elpunt.cat\/carlesribera\/2012\/07\/03\/claraboia-de-jose-saramago\/\"><img loading=\"lazy\" decoding=\"async\" src=\"http:\/\/blogs.elpunt.cat\/carlesribera\/files\/2012\/06\/Claraboia150.jpg\" alt=\"177\" width=\"110\" height=\"177\" \/><\/a> <a href=\"http:\/\/blogs.elpunt.cat\/carlesribera\/2012\/06\/26\/alliberament-de-sandor-marai\/\"><img loading=\"lazy\" decoding=\"async\" src=\"http:\/\/blogs.elpunt.cat\/carlesribera\/files\/2012\/06\/Alliberament650.jpg\" alt=\"177\" width=\"110\" height=\"177\" \/><\/a> <a href=\"http:\/\/blogs.elpunt.cat\/carlesribera\/2012\/06\/20\/la-meva-vida-da-txekhov\/\"><img loading=\"lazy\" decoding=\"async\" src=\"http:\/\/blogs.elpunt.cat\/carlesribera\/files\/2012\/06\/20120606-113541.jpg\" alt=\"177\" width=\"110\" height=\"177\" \/><\/a> <a href=\"http:\/\/blogs.elpunt.cat\/carlesribera\/2012\/05\/10\/13\/el-tercer-home\/\"><img loading=\"lazy\" decoding=\"async\" src=\"http:\/\/blogs.elpunt.cat\/carlesribera\/files\/2012\/05\/el-tercer-home_graham-greene_libro-OMAC236.jpg\" alt=\"177\" width=\"110\" height=\"177\" \/><\/a> <a href=\"http:\/\/blogs.elpunt.cat\/carlesribera\/2012\/05\/10\/mossegar-la-poma-de-francesc-seres\/\"><img loading=\"lazy\" decoding=\"async\" src=\"http:\/\/blogs.elpunt.cat\/carlesribera\/files\/2012\/05\/mossegar.jpg\" alt=\"177\" width=\"110\" height=\"177\" \/><\/a> <a href=\"http:\/\/blogs.elpunt.cat\/carlesribera\/2012\/03\/15\/el-regne-de-hrabal\/\"><img loading=\"lazy\" decoding=\"async\" src=\"http:\/\/blogs.elpunt.cat\/carlesribera\/files\/2012\/03\/Jo-he-servit-el-rei-d-Anglaterra100.jpg\" alt=\"177\" width=\"110\" height=\"177\" \/><\/a> <a href=\"http:\/\/blogs.elpunt.cat\/carlesribera\/2012\/02\/23\/harry-el-brut-a-oslo\/\"><img loading=\"lazy\" decoding=\"async\" src=\"http:\/\/blogs.elpunt.cat\/carlesribera\/files\/2012\/02\/el-redemptor100.jpg\" alt=\"177\" width=\"110\" height=\"177\" \/><\/a> <a href=\"http:\/\/blogs.elpunt.cat\/carlesribera\/2012\/02\/12\/un-avi-centenari-stalin-mao-i-un-elefant\/\"><img loading=\"lazy\" decoding=\"async\" src=\"http:\/\/blogs.elpunt.cat\/carlesribera\/files\/2012\/02\/jonasson.jpg\" alt=\"177\" width=\"110\" height=\"177\" \/><\/a> <a href=\"http:\/\/blogs.elpunt.cat\/carlesribera\/2011\/08\/03\/1799\/\"><img loading=\"lazy\" decoding=\"async\" src=\"http:\/\/blogs.elpunt.cat\/carlesribera\/files\/2011\/08\/EL-VESTIT-GRIS3.jpg\" alt=\"177\" width=\"110\" height=\"177\" \/><\/a> <a href=\"http:\/\/blogs.elpunt.cat\/carlesribera\/2011\/12\/01\/gana-amor-crim\/\"><img loading=\"lazy\" decoding=\"async\" src=\"http:\/\/blogs.elpunt.cat\/carlesribera\/files\/2011\/12\/ricciardi.jpg\" alt=\"177\" width=\"110\" height=\"177\" \/><\/a><a><\/a><a href=\"http:\/\/blogs.elpunt.cat\/carlesribera\/2011\/08\/08\/alta-tensio-de-harlan-coben\/\"><img loading=\"lazy\" decoding=\"async\" src=\"http:\/\/blogs.elpunt.cat\/carlesribera\/files\/2011\/08\/alta-tensio_harlan-coben_libro-OMAC1811.jpg\" alt=\"177\" width=\"110\" height=\"177\" \/><\/a><a href=\"http:\/\/blogs.elpunt.cat\/carlesribera\/2011\/11\/11\/de-malnom-benjamin-black\/\"><img loading=\"lazy\" decoding=\"async\" src=\"http:\/\/blogs.elpunt.cat\/carlesribera\/files\/2011\/11\/april2.jpg\" alt=\"177\" width=\"110\" height=\"177\" \/> <\/a><a href=\"http:\/\/blogs.elpunt.cat\/carlesribera\/2011\/10\/26\/hhhh-es-el-titol-dun-llibre\/\"><img loading=\"lazy\" decoding=\"async\" src=\"http:\/\/blogs.elpunt.cat\/carlesribera\/files\/2011\/10\/HHhHG1.jpg\" alt=\"177\" width=\"110\" height=\"177\" \/> <\/a><a href=\"http:\/\/blogs.elpunt.cat\/carlesribera\/2011\/08\/25\/la-tieta-mame-de-patrick-dennis\/\"><img loading=\"lazy\" decoding=\"async\" src=\"http:\/\/blogs.elpunt.cat\/carlesribera\/files\/2011\/08\/LA-TIETA-MAME-191x300.jpg\" alt=\"177\" width=\"110\" height=\"177\" \/><\/a> <a href=\"http:\/\/blogs.elpunt.cat\/carlesribera\/2011\/07\/21\/els-gossos-i-els-llops-direne-nemirovsky\/\"><img loading=\"lazy\" decoding=\"async\" src=\"http:\/\/blogs.elpunt.cat\/carlesribera\/files\/2011\/07\/gossosillops.jpg\" alt=\"177\" width=\"110\" height=\"177\" \/><\/a> <a href=\"http:\/\/blogs.elpunt.cat\/carlesribera\/2011\/07\/11\/lacabadora-de-michela-murgia\/\"><img loading=\"lazy\" decoding=\"async\" src=\"http:\/\/blogs.elpunt.cat\/carlesribera\/files\/2011\/07\/L-acabadora31.jpg\" alt=\"177\" width=\"110\" height=\"177\" \/><\/a> <a href=\"http:\/\/blogs.elpunt.cat\/carlesribera\/2011\/07\/04\/una-dona-de-fiar-de-robert-goodrick\/\"><img loading=\"lazy\" decoding=\"async\" src=\"http:\/\/blogs.elpunt.cat\/carlesribera\/files\/2011\/07\/Una-dona-de-fiar3.jpg\" alt=\"177\" width=\"110\" height=\"177\" \/><\/a> <a href=\"http:\/\/blogs.elpunt.cat\/carlesribera\/2011\/06\/27\/que-comenci-la-festa-de-niccolo-ammaniti\/\"><img loading=\"lazy\" decoding=\"async\" src=\"http:\/\/blogs.elpunt.cat\/carlesribera\/files\/2011\/06\/amanniti.jpg\" alt=\"177\" width=\"110\" height=\"177\" \/><\/a> <a href=\"http:\/\/blogs.elpunt.cat\/carlesribera\/2011\/06\/22\/la-delicadesa-de-david-foenkinos\/\"><img loading=\"lazy\" decoding=\"async\" src=\"http:\/\/blogs.elpunt.cat\/carlesribera\/files\/2011\/06\/foenkinos.jpg\" alt=\"177\" width=\"110\" height=\"177\" \/><\/a> <a href=\"http:\/\/blogs.elpunt.cat\/carlesribera\/2011\/05\/24\/la-gavina-de-sandor-marai\/\"><img loading=\"lazy\" decoding=\"async\" src=\"http:\/\/blogs.elpunt.cat\/carlesribera\/files\/2011\/05\/La-gavina2.jpg\" alt=\"177\" width=\"110\" height=\"177\" \/><\/a> <a href=\"http:\/\/blogs.elpunt.cat\/carlesribera\/2011\/05\/17\/parlals-de-batalles-de-reis-i-delefants-de-mathias-enard\/\"><img loading=\"lazy\" decoding=\"async\" src=\"http:\/\/blogs.elpunt.cat\/carlesribera\/files\/2011\/05\/parla-ls-de-batalles-de-reis-i-d-elefants31.jpg\" alt=\"177\" width=\"110\" height=\"177\" \/><\/a><a href=\"http:\/\/blogs.elpunt.cat\/carlesribera\/2011\/04\/08\/la-meva-ignorancia-i-la-de-molts-altres-de-petrarca\/\"><img loading=\"lazy\" decoding=\"async\" src=\"http:\/\/blogs.elpunt.cat\/carlesribera\/files\/2011\/04\/coverignoranciaweb.jpg\" alt=\"177\" width=\"110\" height=\"177\" \/><\/a><a href=\"http:\/\/blogs.elpunt.cat\/carlesribera\/2011\/03\/28\/homenatge-als-catalans\/\"> <img loading=\"lazy\" decoding=\"async\" src=\"http:\/\/blogs.elpunt.cat\/carlesribera\/files\/2011\/03\/hotel_costa_uv_big.jpg\" alt=\"177\" width=\"110\" height=\"177\" \/><\/a><a href=\"http:\/\/blogs.elpunt.cat\/carlesribera\/2011\/03\/10\/%c2%abbilly-bathgate%c2%bb-de-doctorow\/\"><img loading=\"lazy\" decoding=\"async\" src=\"http:\/\/blogs.elpunt.cat\/carlesribera\/files\/2011\/03\/frontal_Billy_Bathgate_DEF.jpg\" alt=\"177\" width=\"110\" height=\"177\" \/><\/a> <a href=\"http:\/\/blogs.elpunt.cat\/carlesribera\/2011\/02\/16\/octubre-de-miquel-pairoli\/\"><img loading=\"lazy\" decoding=\"async\" src=\"http:\/\/blogs.elpunt.cat\/carlesribera\/files\/2011\/01\/octubre.jpg\" alt=\"177\" width=\"110\" height=\"177\" \/><\/a> <a href=\"http:\/\/blogs.elpunt.cat\/carlesribera\/2011\/02\/08\/lassassi-del-laser-de-gellert-tamas\/\"><img loading=\"lazy\" decoding=\"async\" src=\"http:\/\/blogs.elpunt.cat\/carlesribera\/files\/2011\/01\/laser.jpg\" alt=\"177\" width=\"110\" height=\"177\" \/><\/a> <a href=\"http:\/\/blogs.elpunt.cat\/carlesribera\/2011\/02\/02\/lhome-del-balco-de-maj-sjowall-i-per-wahloo\/\"><img loading=\"lazy\" decoding=\"async\" src=\"http:\/\/blogs.elpunt.cat\/carlesribera\/files\/2010\/06\/lhomedelbalco2.jpg\" alt=\"177\" width=\"110\" height=\"177\" \/><\/a> <a href=\"http:\/\/blogs.elpunt.cat\/carlesribera\/2011\/01\/15&lt;a href=\"><img loading=\"lazy\" decoding=\"async\" src=\"http:\/\/blogs.elpunt.cat\/carlesribera\/files\/2010\/12\/els-imperfeccionistes2.jpg\" alt=\"177\" width=\"110\" height=\"177\" \/><\/a> <a href=\"http:\/\/blogs.elpunt.cat\/carlesribera\/2011\/01\/17\/lhospital-de-les\/\"><img loading=\"lazy\" decoding=\"async\" src=\"http:\/\/blogs.elpunt.cat\/carlesribera\/files\/2011\/01\/Sunset-Park3.jpg\" alt=\"177\" width=\"110\" height=\"177\" \/><\/a> <a href=\"http:\/\/blogs.elpunt.cat\/carlesribera\/2011\/01\/15\/roscoe-negocis-damor-i-de-guerra-de-william-kennedy\/\"><img loading=\"lazy\" decoding=\"async\" src=\"http:\/\/blogs.elpunt.cat\/carlesribera\/files\/2011\/01\/roscoe.jpg\" alt=\"177\" width=\"110\" height=\"177\" \/><\/a> <a href=\"http:\/\/blogs.elpunt.cat\/carlesribera\/2010\/08\/04\/ultima-nit-a-twisted-river\/\"><img loading=\"lazy\" decoding=\"async\" src=\"http:\/\/blogs.elpunt.cat\/carlesribera\/files\/2010\/08\/l-ultima-nit-a-twisted-river100.jpg\" alt=\"177\" width=\"110\" height=\"177\" \/><\/a> <a href=\"http:\/\/blogs.elpunt.cat\/carlesribera\/2010\/06\/12\/%c2%ables-animes-grises%c2%bb-de-philippe-claudel\/\"><img loading=\"lazy\" decoding=\"async\" src=\"http:\/\/blogs.elpunt.cat\/carlesribera\/files\/2010\/06\/animesgrises.jpg\" alt=\"177\" width=\"110\" height=\"177\" \/><\/a> <a href=\"http:\/\/blogs.elpunt.cat\/carlesribera\/2010\/05\/31\/una-part-del-tot-dsteve-toltz\/\"><img loading=\"lazy\" decoding=\"async\" src=\"http:\/\/blogs.elpunt.cat\/carlesribera\/files\/2010\/05\/toltz.jpg\" alt=\"177\" width=\"110\" height=\"177\" \/><\/a> <a href=\"http:\/\/blogs.elpunt.cat\/carlesribera\/2010\/04\/21\/arrels-nomades-de-pius-alibek\/\"><img loading=\"lazy\" decoding=\"async\" src=\"http:\/\/blogs.elpunt.cat\/carlesribera\/files\/2010\/04\/alibeknomades.jpg\" alt=\"177\" width=\"110\" height=\"177\" \/><\/a> <a href=\"http:\/\/blogs.elpunt.cat\/carlesribera\/2010\/01\/26\/el-gattopardo-de-tomasi-di-lampedusa\/\"><img loading=\"lazy\" decoding=\"async\" src=\"http:\/\/blogs.elpunt.cat\/carlesribera\/files\/2010\/01\/elgattopardo350.jpg\" alt=\"177\" width=\"110\" height=\"177\" \/><\/a> <a href=\"http:\/\/blogs.elpunt.cat\/carlesribera\/2010\/01\/14\/quatre-germanes-de-jetta-carleton\/\"><img loading=\"lazy\" decoding=\"async\" src=\"http:\/\/blogs.elpunt.cat\/carlesribera\/files\/2010\/01\/78.jpg\" alt=\"177\" width=\"110\" height=\"177\" \/><\/a> <a href=\"http:\/\/blogs.elpunt.cat\/carlesribera\/2010\/01\/01\/el-color-del-sol-dandrea-camilleri\/\"><img loading=\"lazy\" decoding=\"async\" src=\"http:\/\/blogs.elpunt.cat\/carlesribera\/files\/2009\/12\/251-8-color20del20sol-el.jpg\" alt=\"177\" width=\"110\" height=\"177\" \/><\/a> <a href=\"http:\/\/blogs.elpunt.cat\/carlesribera\/2009\/12\/29\/ningu-no-ho-ha-sentit-de-mari-jungstedt\/\"><img loading=\"lazy\" decoding=\"async\" src=\"http:\/\/blogs.elpunt.cat\/carlesribera\/files\/2009\/12\/ningunohohasentit350.jpg\" alt=\"177\" width=\"110\" height=\"177\" \/><\/a><a href=\"http:\/\/blogs.elpunt.cat\/carlesribera\/2009\/12\/28\/i-la-festa-segueix-de-josep-m-espinas\/\"><img loading=\"lazy\" decoding=\"async\" src=\"http:\/\/blogs.elpunt.cat\/carlesribera\/files\/2009\/12\/espinasfesta.jpg\" alt=\"177\" width=\"110\" height=\"177\" \/><\/a> <a href=\"http:\/\/blogs.elpunt.cat\/carlesribera\/2009\/12\/27\/el-nadal-que-no-vam-tornar-a-casa-de-quim-torra-ed\/\"><img loading=\"lazy\" decoding=\"async\" src=\"http:\/\/blogs.elpunt.cat\/carlesribera\/files\/2009\/12\/nadalcasa.jpg\" alt=\"177\" width=\"110\" height=\"177\" \/><\/a> <a href=\"http:\/\/blogs.elpunt.cat\/carlesribera\/2009\/12\/22\/viatge-al-passat-dstefan-zweig\/\"><img loading=\"lazy\" decoding=\"async\" src=\"http:\/\/blogs.elpunt.cat\/carlesribera\/files\/2009\/12\/elviatgeg.jpg\" alt=\"177\" width=\"110\" height=\"177\" \/><\/a> <a href=\"http:\/\/blogs.elpunt.cat\/carlesribera\/2009\/12\/08\/alfred-i-emily-de-doris-lessing\/\"><img loading=\"lazy\" decoding=\"async\" src=\"http:\/\/blogs.elpunt.cat\/carlesribera\/files\/2009\/11\/alfrediemily350.jpg\" alt=\"177\" width=\"110\" height=\"177\" \/><\/a> <a href=\"http:\/\/blogs.elpunt.cat\/carlesribera\/2009\/12\/03\/si-els-morts-no-ressuciten-de-philip-kerr\/\"><img loading=\"lazy\" decoding=\"async\" src=\"http:\/\/blogs.elpunt.cat\/carlesribera\/files\/2009\/11\/849633_70.jpg\" alt=\"177\" width=\"110\" height=\"177\" \/><\/a> <a href=\"http:\/\/blogs.elpunt.cat\/carlesribera\/2009\/11\/17\/lemperador-de-la-xina-de-tilman-rammstedt\/\"><img loading=\"lazy\" decoding=\"async\" src=\"http:\/\/blogs.elpunt.cat\/carlesribera\/files\/2009\/11\/337.jpg\" alt=\"177\" width=\"110\" height=\"177\" \/><\/a> <a href=\"http:\/\/blogs.elpunt.cat\/carlesribera\/2009\/11\/04\/cain-de-jose-saramago\/\"><img loading=\"lazy\" decoding=\"async\" src=\"http:\/\/blogs.elpunt.cat\/carlesribera\/files\/2009\/11\/cain350.jpg\" alt=\"177\" width=\"110\" height=\"177\" \/><\/a> <a href=\"http:\/\/blogs.elpunt.cat\/carlesribera\/2009\/11\/03\/breu-historia-de-la-corrupcio-de-carlo-alberto-brioschi\/\"><img loading=\"lazy\" decoding=\"async\" src=\"http:\/\/blogs.elpunt.cat\/carlesribera\/files\/2009\/11\/338.jpg\" alt=\"177\" width=\"110\" height=\"177\" \/><\/a> <a href=\"http:\/\/blogs.elpunt.cat\/carlesribera\/2009\/09\/28\/historia-de-roma-dindro-montanelli\/\"><img loading=\"lazy\" decoding=\"async\" src=\"http:\/\/blogs.elpunt.cat\/carlesribera\/files\/2009\/09\/historiaderoma.jpg\" alt=\"177\" width=\"110\" height=\"177\" \/><\/a> <a href=\"http:\/\/blogs.elpunt.cat\/carlesribera\/2009\/09\/27\/el-crit-del-peresos-de-sam-savage\/\"><img loading=\"lazy\" decoding=\"async\" src=\"http:\/\/blogs.elpunt.cat\/carlesribera\/files\/2009\/09\/peresos.jpg\" alt=\"177\" width=\"110\" height=\"177\" \/><\/a> <a href=\"http:\/\/blogs.elpunt.cat\/carlesribera\/2009\/09\/18\/una-llaminadura-de-muriel-barbery\"><img loading=\"lazy\" decoding=\"async\" src=\"http:\/\/blogs.elpunt.cat\/carlesribera\/files\/2009\/09\/9788429762969.jpg\" alt=\"177\" width=\"110\" height=\"177\" \/> <\/a><a href=\"http:\/\/blogs.elpunt.cat\/carlesribera\/2009\/09\/12\/nemesi-la-millor-novel%c2%b7la-negra-de-la-decada\/\"><img loading=\"lazy\" decoding=\"async\" src=\"http:\/\/blogs.elpunt.cat\/carlesribera\/files\/2009\/09\/nemesi350.jpg\" alt=\"177\" width=\"110\" height=\"177\" \/> <\/a><a href=\"http:\/\/blogs.elpunt.cat\/carlesribera\/2009\/09\/09\/el-llibre-dels-esnobs-de-william-thackeray\"><img loading=\"lazy\" decoding=\"async\" src=\"http:\/\/blogs.elpunt.cat\/carlesribera\/files\/2009\/09\/cob_esnobs-web.jpg\" alt=\"177\" width=\"110\" height=\"177\" \/><\/a> <a href=\"http:\/\/blogs.elpunt.cat\/carlesribera\/2009\/08\/27\/el-filosof-barrut\"><img loading=\"lazy\" decoding=\"async\" src=\"http:\/\/blogs.elpunt.cat\/carlesribera\/files\/2009\/08\/lavidafelic3a7.jpg\" alt=\"177\" width=\"110\" height=\"177\" \/><\/a> <a href=\"http:\/\/blogs.elpunt.cat\/carlesribera\/2009\/08\/16\/anders-knutas-no-es-kurt-wallander\"><img loading=\"lazy\" decoding=\"async\" src=\"http:\/\/blogs.elpunt.cat\/carlesribera\/files\/2009\/08\/ningu-no-ho-ha-vist350.jpg\" alt=\"177\" width=\"112\" height=\"177\" \/><\/a> <a href=\"http:\/\/blogs.elpunt.cat\/carlesribera\/2009\/08\/11\/coses-de-bon-passar\"><img loading=\"lazy\" decoding=\"async\" src=\"http:\/\/blogs.elpunt.cat\/carlesribera\/files\/2009\/08\/boullier.jpg\" alt=\"177\" width=\"110\" height=\"177\" \/><\/a> <a href=\"http:\/\/blogs.elpunt.cat\/carlesribera\/2009\/08\/04\/tulipes\"><img loading=\"lazy\" decoding=\"async\" src=\"http:\/\/blogs.elpunt.cat\/carlesribera\/files\/2009\/08\/l-home-que-va-canviar-casa-seva-per-una-tulipa350.png\" alt=\"177\" width=\"110\" height=\"177\" \/><\/a> <a href=\"http:\/\/blogs.elpunt.cat\/carlesribera\/2009\/07\/13\/la-setena-planta-i-altres-narracions-de-buzzati\"><img loading=\"lazy\" decoding=\"async\" src=\"http:\/\/blogs.elpunt.cat\/carlesribera\/files\/2009\/07\/seixantacontesg.jpg\" alt=\"177\" width=\"110\" height=\"177\" \/><\/a> <a href=\"http:\/\/blogs.elpunt.cat\/carlesribera\/2009\/07\/07\/el-misteri-que-ve-dislandia\"><img loading=\"lazy\" decoding=\"async\" src=\"http:\/\/blogs.elpunt.cat\/carlesribera\/files\/2009\/07\/ladonadeverd.jpg\" alt=\"177\" width=\"110\" height=\"177\" \/><\/a> <a href=\"http:\/\/blogs.elpunt.cat\/carlesribera\/2009\/06\/23\/un-bon-expedient\"><img loading=\"lazy\" decoding=\"async\" src=\"http:\/\/blogs.elpunt.cat\/carlesribera\/files\/2009\/06\/lexpedientdejosefkalteis350.jpg\" alt=\"177\" width=\"110\" height=\"177\" \/><\/a> <a href=\"http:\/\/blogs.elpunt.cat\/carlesribera\/2009\/06\/16\/lassassina-grega\/\"><img loading=\"lazy\" decoding=\"async\" src=\"http:\/\/blogs.elpunt.cat\/carlesribera\/files\/2009\/06\/coverwebassaassina.jpg\" alt=\"177\" width=\"110\" height=\"177\" \/><\/a> <a href=\"http:\/\/blogs.elpunt.cat\/carlesribera\/2009\/06\/07\/una-trobada-amb-kundera\/\"><img loading=\"lazy\" decoding=\"async\" src=\"http:\/\/blogs.elpunt.cat\/carlesribera\/files\/2009\/06\/978-84-8383-158-8_big.jpg\" alt=\"177\" width=\"110\" height=\"177\" \/><\/a> <a href=\"http:\/\/blogs.elpunt.cat\/carlesribera\/2009\/05\/29\/una-altra-de-sueca\/\"><img loading=\"lazy\" decoding=\"async\" src=\"http:\/\/blogs.elpunt.cat\/carlesribera\/files\/2009\/05\/filles-art1.jpg\" alt=\"177\" width=\"110\" height=\"177\" \/><\/a> <a href=\"http:\/\/blogs.elpunt.cat\/carlesribera\/2009\/05\/20\/les-croades-den-guillou\"><img loading=\"lazy\" decoding=\"async\" src=\"http:\/\/blogs.elpunt.cat\/carlesribera\/files\/2009\/05\/207.jpg\" alt=\"177\" width=\"110\" height=\"177\" \/><\/a> <a href=\"http:\/\/blogs.elpunt.cat\/carlesribera\/2009\/05\/13\/anima-dobra-mestra\"><img loading=\"lazy\" decoding=\"async\" src=\"http:\/\/blogs.elpunt.cat\/carlesribera\/files\/2009\/05\/el-mestre-danimes_irene-nemirovsky_libro-omac038.jpg\" alt=\"177\" width=\"110\" height=\"177\" \/><\/a> <a href=\"http:\/\/blogs.elpunt.cat\/carlesribera\/2009\/05\/05\/histories-del-far-canada\"><img loading=\"lazy\" decoding=\"async\" src=\"http:\/\/blogs.elpunt.cat\/carlesribera\/files\/2009\/05\/la-tendresa-dels-llops_stef-penney_libro-omac068.jpg\" alt=\"177\" width=\"110\" height=\"177\" \/><\/a> <a href=\"http:\/\/blogs.elpunt.cat\/carlesribera\/2009\/04\/22\/linies-que-no-fallen\"><img loading=\"lazy\" decoding=\"async\" src=\"http:\/\/blogs.elpunt.cat\/carlesribera\/files\/2009\/04\/linies-de-falla_nancy-huston_libro-omac034.jpg\" alt=\"177\" width=\"110\" height=\"177\" \/><\/a> <a href=\"http:\/\/blogs.elpunt.cat\/carlesribera\/2009\/04\/19\/la-foguerada-den-montalbano\"><img loading=\"lazy\" decoding=\"async\" src=\"http:\/\/blogs.elpunt.cat\/carlesribera\/files\/2009\/03\/fogueradadagost350.jpg\" alt=\"177\" width=\"110\" height=\"177\" \/><\/a> <a href=\"http:\/\/blogs.elpunt.cat\/carlesribera\/2009\/04\/14\/proxima-estacio-winesburg-ohio\"><img loading=\"lazy\" decoding=\"async\" src=\"http:\/\/blogs.elpunt.cat\/carlesribera\/files\/2009\/04\/imatge_633.jpg\" alt=\"177\" width=\"110\" height=\"177\" \/><\/a> <a href=\"http:\/\/blogs.elpunt.cat\/carlesribera\/2009\/03\/25\/markaris-tedi-a-istambul\"><img loading=\"lazy\" decoding=\"async\" src=\"http:\/\/blogs.elpunt.cat\/carlesribera\/files\/2009\/03\/estambul_markaris_0021.jpg\" alt=\"177\" width=\"110\" height=\"177\" \/><\/a> <a href=\"http:\/\/blogs.elpunt.cat\/carlesribera\/2009\/03\/17\/mankell-a-la-xina\"><img loading=\"lazy\" decoding=\"async\" src=\"http:\/\/blogs.elpunt.cat\/carlesribera\/files\/2009\/03\/978-84-8383-100-7_big.jpg\" alt=\"177\" width=\"110\" height=\"177\" \/><\/a> <a href=\"http:\/\/blogs.elpunt.cat\/carlesribera\/2009\/02\/24\/hustvedt-de-mal-pronunciar-de-bon-llegir\/\"><img loading=\"lazy\" decoding=\"async\" src=\"http:\/\/blogs.elpunt.cat\/carlesribera\/files\/2009\/02\/9788496970588.jpg\" alt=\"177\" width=\"112\" height=\"179\" \/><\/a><\/p>\n","protected":false},"excerpt":{"rendered":"<p>En aquesta p\u00e0gina trobareu totes les ressenyes de llibres publicades en aquest blog. Nom\u00e9s heu de clicar sobre la portada i us sortir\u00e0 la ressenya. \u00a0<\/p>\n","protected":false},"author":5,"featured_media":0,"parent":0,"menu_order":0,"comment_status":"open","ping_status":"closed","template":"","meta":{"footnotes":""},"class_list":["post-540","page","type-page","status-publish","hentry"],"_links":{"self":[{"href":"https:\/\/blogs.elpunt.cat\/carlesribera\/wp-json\/wp\/v2\/pages\/540","targetHints":{"allow":["GET"]}}],"collection":[{"href":"https:\/\/blogs.elpunt.cat\/carlesribera\/wp-json\/wp\/v2\/pages"}],"about":[{"href":"https:\/\/blogs.elpunt.cat\/carlesribera\/wp-json\/wp\/v2\/types\/page"}],"author":[{"embeddable":true,"href":"https:\/\/blogs.elpunt.cat\/carlesribera\/wp-json\/wp\/v2\/users\/5"}],"replies":[{"embeddable":true,"href":"https:\/\/blogs.elpunt.cat\/carlesribera\/wp-json\/wp\/v2\/comments?post=540"}],"version-history":[{"count":117,"href":"https:\/\/blogs.elpunt.cat\/carlesribera\/wp-json\/wp\/v2\/pages\/540\/revisions"}],"predecessor-version":[{"id":551,"href":"https:\/\/blogs.elpunt.cat\/carlesribera\/wp-json\/wp\/v2\/pages\/540\/revisions\/551"}],"wp:attachment":[{"href":"https:\/\/blogs.elpunt.cat\/carlesribera\/wp-json\/wp\/v2\/media?parent=540"}],"curies":[{"name":"wp","href":"https:\/\/api.w.org\/{rel}","templated":true}]}}